{"id":19,"date":"2025-02-14T19:27:05","date_gmt":"2025-02-14T18:27:05","guid":{"rendered":"http:\/\/polskaastrologia.pl\/?page_id=19"},"modified":"2025-02-14T19:27:06","modified_gmt":"2025-02-14T18:27:06","slug":"czlonkostwo","status":"publish","type":"page","link":"https:\/\/polskaastrologia.pl\/?page_id=19","title":{"rendered":"Cz\u0142onkostwo"},"content":{"rendered":"\n<p><strong>Zapisz si\u0119 do Stowarzyszenia Astrolog\u00f3w w Polsce:<\/strong><\/p>\n\n\n\n<p><br>1) Wy\u015blij e-mail z informacj\u0105, \u017ce chcesz si\u0119 do nas adres: stowarzyszenieastrologow@gmail.com<br>2) Zapoznaj si\u0119 z regulaminem stowarzyszenia i wype\u0142nij formularz cz\u0142onkostwa (oba dokunemty dostaniesz mailem zwrotnym)<br>3) Zap\u0142a\u0107 sk\u0142adk\u0119 na rok.<\/p>\n\n\n\n<p><strong>Roczna sk\u0142adka cz\u0142onkowska wynosi 60 z\u0142, p\u0142atno\u015b\u0107 przelewem:<\/strong><\/p>\n\n\n\n<p>Stowarzyszenie Astrolog\u00f3w w Polsce<br>02-123 Warszawa, ul. Koroty\u0144skiego 26\/61<br>mBank<br>66 1140 2004 0000 3302 7908 7137<\/p>\n\n\n\n<p><strong>Dane do przelewu zagranicznego:<\/strong><br>Numer IBAN: PL 66 1140 2004 0000 3302 7908 7137<br>numer BIC\/SWIFT: BREXPLPWMBK<\/p>\n\n\n\n<p>lub BLIKiem na numer +48 600 218 488<\/p>\n\n\n\n<p>Sk\u0142adka obowi\u0105zuje na rok kalendarzowy od 1 stycznia do 31 grudnia ka\u017cdego roku.<\/p>\n","protected":false},"excerpt":{"rendered":"<p>Zapisz si\u0119 do Stowarzyszenia Astrolog\u00f3w w Polsce: 1) Wy\u015blij e-mail z informacj\u0105, \u017ce chcesz si\u0119 do nas adres: stowarzyszenieastrologow@gmail.com2) Zapoznaj si\u0119 z regulaminem stowarzyszenia i wype\u0142nij formularz cz\u0142onkostwa (oba dokunemty dostaniesz mailem zwrotnym)3) Zap\u0142a\u0107 sk\u0142adk\u0119 na rok. Roczna sk\u0142adka cz\u0142onkowska wynosi 60 z\u0142, p\u0142atno\u015b\u0107 przelewem: Stowarzyszenie Astrolog\u00f3w w Polsce02-123 Warszawa, ul. Koroty\u0144skiego 26\/61mBank66 1140 2004 [&hellip;]<\/p>\n","protected":false},"author":1,"featured_media":0,"parent":0,"menu_order":0,"comment_status":"closed","ping_status":"closed","template":"","meta":{"_themeisle_gutenberg_block_has_review":false,"footnotes":""},"class_list":["post-19","page","type-page","status-publish","hentry"],"yoast_head":"<!-- This site is optimized with the Yoast SEO plugin v25.9 - https:\/\/yoast.com\/wordpress\/plugins\/seo\/ -->\n<title>Cz\u0142onkostwo - Stowarzyszenie Astrolog\u00f3w w Polsce<\/title>\n<meta name=\"robots\" content=\"index, follow, max-snippet:-1, max-image-preview:large, max-video-preview:-1\" \/>\n<link rel=\"canonical\" href=\"https:\/\/polskaastrologia.pl\/?page_id=19\" \/>\n<meta property=\"og:locale\" content=\"pl_PL\" \/>\n<meta property=\"og:type\" content=\"article\" \/>\n<meta property=\"og:title\" content=\"Cz\u0142onkostwo - Stowarzyszenie Astrolog\u00f3w w Polsce\" \/>\n<meta property=\"og:description\" content=\"Zapisz si\u0119 do Stowarzyszenia Astrolog\u00f3w w Polsce: 1) Wy\u015blij e-mail z informacj\u0105, \u017ce chcesz si\u0119 do nas adres: stowarzyszenieastrologow@gmail.com2) Zapoznaj si\u0119 z regulaminem stowarzyszenia i wype\u0142nij formularz cz\u0142onkostwa (oba dokunemty dostaniesz mailem zwrotnym)3) Zap\u0142a\u0107 sk\u0142adk\u0119 na rok. Roczna sk\u0142adka cz\u0142onkowska wynosi 60 z\u0142, p\u0142atno\u015b\u0107 przelewem: Stowarzyszenie Astrolog\u00f3w w Polsce02-123 Warszawa, ul. Koroty\u0144skiego 26\/61mBank66 1140 2004 [&hellip;]\" \/>\n<meta property=\"og:url\" content=\"https:\/\/polskaastrologia.pl\/?page_id=19\" \/>\n<meta property=\"og:site_name\" content=\"Stowarzyszenie Astrolog\u00f3w w Polsce\" \/>\n<meta property=\"article:modified_time\" content=\"2025-02-14T18:27:06+00:00\" \/>\n<meta name=\"twitter:card\" content=\"summary_large_image\" \/>\n<meta name=\"twitter:label1\" content=\"Szacowany czas czytania\" \/>\n\t<meta name=\"twitter:data1\" content=\"1 minuta\" \/>\n<script type=\"application\/ld+json\" class=\"yoast-schema-graph\">{\"@context\":\"https:\/\/schema.org\",\"@graph\":[{\"@type\":\"WebPage\",\"@id\":\"https:\/\/polskaastrologia.pl\/?page_id=19\",\"url\":\"https:\/\/polskaastrologia.pl\/?page_id=19\",\"name\":\"Cz\u0142onkostwo - Stowarzyszenie Astrolog\u00f3w w Polsce\",\"isPartOf\":{\"@id\":\"https:\/\/polskaastrologia.pl\/#website\"},\"datePublished\":\"2025-02-14T18:27:05+00:00\",\"dateModified\":\"2025-02-14T18:27:06+00:00\",\"breadcrumb\":{\"@id\":\"https:\/\/polskaastrologia.pl\/?page_id=19#breadcrumb\"},\"inLanguage\":\"pl-PL\",\"potentialAction\":[{\"@type\":\"ReadAction\",\"target\":[\"https:\/\/polskaastrologia.pl\/?page_id=19\"]}]},{\"@type\":\"BreadcrumbList\",\"@id\":\"https:\/\/polskaastrologia.pl\/?page_id=19#breadcrumb\",\"itemListElement\":[{\"@type\":\"ListItem\",\"position\":1,\"name\":\"Home\",\"item\":\"https:\/\/polskaastrologia.pl\/\"},{\"@type\":\"ListItem\",\"position\":2,\"name\":\"Cz\u0142onkostwo\"}]},{\"@type\":\"WebSite\",\"@id\":\"https:\/\/polskaastrologia.pl\/#website\",\"url\":\"https:\/\/polskaastrologia.pl\/\",\"name\":\"Stowarzyszenie Astrolog\u00f3w w Polsce\",\"description\":\"\",\"potentialAction\":[{\"@type\":\"SearchAction\",\"target\":{\"@type\":\"EntryPoint\",\"urlTemplate\":\"https:\/\/polskaastrologia.pl\/?s={search_term_string}\"},\"query-input\":{\"@type\":\"PropertyValueSpecification\",\"valueRequired\":true,\"valueName\":\"search_term_string\"}}],\"inLanguage\":\"pl-PL\"}]}<\/script>\n<!-- \/ Yoast SEO plugin. -->","yoast_head_json":{"title":"Cz\u0142onkostwo - Stowarzyszenie Astrolog\u00f3w w Polsce","robots":{"index":"index","follow":"follow","max-snippet":"max-snippet:-1","max-image-preview":"max-image-preview:large","max-video-preview":"max-video-preview:-1"},"canonical":"https:\/\/polskaastrologia.pl\/?page_id=19","og_locale":"pl_PL","og_type":"article","og_title":"Cz\u0142onkostwo - Stowarzyszenie Astrolog\u00f3w w Polsce","og_description":"Zapisz si\u0119 do Stowarzyszenia Astrolog\u00f3w w Polsce: 1) Wy\u015blij e-mail z informacj\u0105, \u017ce chcesz si\u0119 do nas adres: stowarzyszenieastrologow@gmail.com2) Zapoznaj si\u0119 z regulaminem stowarzyszenia i wype\u0142nij formularz cz\u0142onkostwa (oba dokunemty dostaniesz mailem zwrotnym)3) Zap\u0142a\u0107 sk\u0142adk\u0119 na rok. Roczna sk\u0142adka cz\u0142onkowska wynosi 60 z\u0142, p\u0142atno\u015b\u0107 przelewem: Stowarzyszenie Astrolog\u00f3w w Polsce02-123 Warszawa, ul. Koroty\u0144skiego 26\/61mBank66 1140 2004 [&hellip;]","og_url":"https:\/\/polskaastrologia.pl\/?page_id=19","og_site_name":"Stowarzyszenie Astrolog\u00f3w w Polsce","article_modified_time":"2025-02-14T18:27:06+00:00","twitter_card":"summary_large_image","twitter_misc":{"Szacowany czas czytania":"1 minuta"},"schema":{"@context":"https:\/\/schema.org","@graph":[{"@type":"WebPage","@id":"https:\/\/polskaastrologia.pl\/?page_id=19","url":"https:\/\/polskaastrologia.pl\/?page_id=19","name":"Cz\u0142onkostwo - Stowarzyszenie Astrolog\u00f3w w Polsce","isPartOf":{"@id":"https:\/\/polskaastrologia.pl\/#website"},"datePublished":"2025-02-14T18:27:05+00:00","dateModified":"2025-02-14T18:27:06+00:00","breadcrumb":{"@id":"https:\/\/polskaastrologia.pl\/?page_id=19#breadcrumb"},"inLanguage":"pl-PL","potentialAction":[{"@type":"ReadAction","target":["https:\/\/polskaastrologia.pl\/?page_id=19"]}]},{"@type":"BreadcrumbList","@id":"https:\/\/polskaastrologia.pl\/?page_id=19#breadcrumb","itemListElement":[{"@type":"ListItem","position":1,"name":"Home","item":"https:\/\/polskaastrologia.pl\/"},{"@type":"ListItem","position":2,"name":"Cz\u0142onkostwo"}]},{"@type":"WebSite","@id":"https:\/\/polskaastrologia.pl\/#website","url":"https:\/\/polskaastrologia.pl\/","name":"Stowarzyszenie Astrolog\u00f3w w Polsce","description":"","potentialAction":[{"@type":"SearchAction","target":{"@type":"EntryPoint","urlTemplate":"https:\/\/polskaastrologia.pl\/?s={search_term_string}"},"query-input":{"@type":"PropertyValueSpecification","valueRequired":true,"valueName":"search_term_string"}}],"inLanguage":"pl-PL"}]}},"_links":{"self":[{"href":"https:\/\/polskaastrologia.pl\/index.php?rest_route=\/wp\/v2\/pages\/19","targetHints":{"allow":["GET"]}}],"collection":[{"href":"https:\/\/polskaastrologia.pl\/index.php?rest_route=\/wp\/v2\/pages"}],"about":[{"href":"https:\/\/polskaastrologia.pl\/index.php?rest_route=\/wp\/v2\/types\/page"}],"author":[{"embeddable":true,"href":"https:\/\/polskaastrologia.pl\/index.php?rest_route=\/wp\/v2\/users\/1"}],"replies":[{"embeddable":true,"href":"https:\/\/polskaastrologia.pl\/index.php?rest_route=%2Fwp%2Fv2%2Fcomments&post=19"}],"version-history":[{"count":1,"href":"https:\/\/polskaastrologia.pl\/index.php?rest_route=\/wp\/v2\/pages\/19\/revisions"}],"predecessor-version":[{"id":21,"href":"https:\/\/polskaastrologia.pl\/index.php?rest_route=\/wp\/v2\/pages\/19\/revisions\/21"}],"wp:attachment":[{"href":"https:\/\/polskaastrologia.pl\/index.php?rest_route=%2Fwp%2Fv2%2Fmedia&parent=19"}],"curies":[{"name":"wp","href":"https:\/\/api.w.org\/{rel}","templated":true}]}}